e factors of s(8)?
2
Suppose h - 6*h - 30 = 0. What are the prime factors of (-2)/h - (-402)/9?
3, 5
Let f(r) = r**2 - 5*r - 4. Let b be f(6). Let l(v) = 6*v + b - 5 - 6 - v**2 + 5*v. What are the prime factors of l(8)?
3, 5
Let g(y) = -y**2 + y - 3. Let i be g(0). Let p = 6 + i. What are the prime factors of p?
3
Let t(j) = -j**2 + 3*j + 4. Let p be t(3). Suppose -5*k + 4 = 14. What are the prime factors of (-6)/(-4)*p + k?
2
Suppose 143 = 5*r + 28. Let d = r + -7. List the prime factors of d.
2
What are the prime factors of 201/(-1)*(2 + 12/(-4))?
3, 67
Let w(m) = m**2 - 6*m - 8. Let t be w(7). Let z be 2*t*(-6)/(-3). List the prime factors of 2/3*(-66)/z.
11
Suppose -3*h + 9 = g, -2*g + 6 = 5*h - 7. Let m(l) = l**2 + 5*l. What are the prime factors of m(g)?
2, 3
Suppose -15*i + 19*i - 60 = 0. Suppose 4*f - 16 = -4. Suppose -i = -f*h + 9. What are the prime factors of h?
2
Let f = 17 - 8. Suppose f = 4*p - 7. Suppose 0 = k - 6*k + p*q + 82, 0 = 4*k - 2*q - 62. List the prime factors of k.
2, 7
List the prime factors of (-147)/(-5) + (-21)/(-35).
2, 3, 5
Let d = -6 - -11. Let v(l) = l + l + 0 - 3 + d*l. What are the prime factors of v(2)?
11
List the prime factors of ((-6)/(-12))/(2/184).
2, 23
Suppose 0 = 2*t + 6*t - 384. List the prime factors of t.
2, 3
Let q(m) = 35*m - 7. What are the prime factors of q(3)?
2, 7
Let z = 21 + -12. What are the prime factors of (-79)/(-9) + 2/z?
3
Let q be (4/(-6))/(2/(-15)). Suppose 5*s = 2*u + u - 21, -u = -q*s + 3. Suppose 0*n - n = -u. List the prime factors of n.
2, 3
Suppose c = -3*y + 495, -3*y + 298 = -c - 197. List the prime factors of y.
3, 5, 11
Let q = -4 + 3. Let a be -1 - q/((-1)/1). List the prime factors of 16/12*(-15)/a.
2, 5
Suppose -c = -u - 12 + 98, -3*u + 250 = c. What are the prime factors of u?
2, 3, 7
Let i = 22 + -14. List the prime factors of i.
2
Let t(m) = -m**2 + m - 39. Let c be t(0). List the prime factors of (-4 - -2) + c/(-3).
11
Let o(i) = -i**3 - 4*i**2 - 2*i - 3. Let y be o(-4). Suppose -4*m + 8*a - 3*a = 22, 0 = -2*m - y*a + 4. List the prime factors of -1 + 1 - (-10 + m).
13
Let w be (2/(-4))/((-3)/300). Suppose -3*k + 8*k - w = 0. List the prime factors of k.
2, 5
Suppose -5*h + 20 = -0*h. Let g(i) = i**2 - 2*i - 5. What are the prime factors of g(h)?
3
Suppose 0 = 5*g + 2*g - 455. List the prime factors of g.
5, 13
Let a = 186 + -105. What are the prime factors of a?
3
What are the prime factors of 130 + (1/5 - 154/(-55))?
7, 19
Suppose 5*g - 38 = -2*q + 147, 3*q + 90 = 3*g. List the prime factors of g.
5, 7
Let k(o) = 6*o**2 + 2*o - 2. List the prime factors of k(2).
2, 13
Let p(c) = -4*c + 1. Let t(r) = -r - 1. Let y(m) = -p(m) + 2*t(m). What are the prime factors of y(9)?
3, 5
Let g be (2/(-4))/((-14)/84). Let j(q) = 4*q**2 - q. What are the prime factors of j(g)?
3, 11
Suppose -3*a = -3*l - 297, -2*a + 4*l = 6*l - 206. Let g = a + -65. List the prime factors of g.
2, 3
Let h be 3/(0 + (-6)/8). Let c(z) = 5*z**2 + 2*z - 1. Let b be c(1). Let w = h + b. List the prime factors of w.
2
Let w(v) = v - 40. Let f be w(0). Let n = 58 + f. Suppose 2*r = -2*q + n, 10 = 5*q - r - 5. List the prime factors of q.
2
Suppose 4*x - 4*t - 68 = 0, 5*t + 4 + 39 = 3*x. Let o = 42 - x. What are the prime factors of o?
3, 7
Let v = 41 + -86. Let g = 64 + v. What are the prime factors of g?
19
Let l(y) = 6*y**2 + 2*y + 7. What are the prime factors of l(3)?
67
Suppose 23*f + 250 = 28*f. What are the prime factors of f?
2, 5
Let d be (10 + -7)/((-1)/(-1)). Suppose -2*p - d = -p. What are the prime factors of p/4 + (-35)/(-4)?
2
Let c(u) = 12*u**3 - 2*u**2 + u. Let a = -2 + 3. Let j be c(a). Suppose 0 = 2*d - 15 - j. What are the prime factors of d?
13
Let q(w) = -w**2 + 8*w - 3. Let d(g) = g**2 - g + 5. Let r be d(0). What are the prime factors of q(r)?
2, 3
Suppose -a - 40 = a. Let j = -2 - a. List the prime factors of j.
2, 3
Suppose 4*x - 16 = -2*c - 4, -3 = -x - c. Suppose 3 = x*u - 3. Suppose -d - 10 = -u*d. List the prime factors of d.
2, 5
Suppose 0 = -w + 2*w - 2. Let t(a) = a**2 - 5*a**2 + 5*a**w. List the prime factors of t(3).
3
Let b(j) = 5*j**2 + 10*j - 8. What are the prime factors of b(-5)?
67
Let j be 20/(-8)*8/(-10). Suppose -10 + 2 = -2*t + j*z, z - 10 = -t. List the prime factors of t.
7
Let l(n) = -n + 1. Let j be l(5). Let k = -13 - j. Let a = 20 + k. List the prime factors of a.
11
Suppose 14 + 2 = 2*m. Let s(v) = v**2 - 7*v - 5. What are the prime factors of s(m)?
3
Let f(g) = 6*g + 2. Let h be f(3). What are the prime factors of h/(-15)*(-123)/4?
41
Let m = 8 + -6. Suppose 5*d + 3*x - 11 = m*x, -4*d + 9 = x. Let b = d + 5. What are the prime factors of b?
7
Let m = -76 + 123. List the prime factors of m.
47
Suppose -d + 34 = d + 4*t, 0 = -5*d - 3*t + 78. Let z = 4 + -2. Suppose 3*a - 2*m - d = 0, 0*a - z*a - 2*m = -10. List the prime factors of a.
5
Let x(l) be the second derivative of l**3/6 - 3*l**2/2 + 2*l. Let q be x(8). Suppose 0 = 3*z + q*h - 68, -3*z - 21 = -3*h - 81. What are the prime factors of z?
3, 7
Let l(m) be the first derivative of m**2/2 + 16*m + 5. What are the prime factors of l(-7)?
3
Suppose -3*l + 4*l - 1 = 0, -5*m = 3*l + 2. Let a(z) = -9*z + 1. Let r be a(m). Suppose 2 + r = 2*h. List the prime factors of h.
2, 3
Suppose 8 = 5*c - 2. Suppose -5*z - 25 = 0, f - c*z = -z + 18. What are the prime factors of -1 - (0 + 0 - f)?
2, 3
Let p be 6/4 + 104/(-16). Let l = 3 - p. What are the prime factors of l?
2
Let r(c) = c. Let q(w) = -49*w - 7. Let d(v) = q(v) + 42*r(v). Let h be d(-5). Suppose m + 11 = h. List the prime factors of m.
17
Let n(u) = -25*u**3 - u**2 - 2*u - 1. List the prime factors of n(-1).
5
Let f be (-4)/(-6) + (-7)/(-3). Suppose 8 = x + 4*i, 5 = f*x + 2*i - 9. Suppose -u + x + 2 = 0. What are the prime factors of u?
2, 3
Let t be (-36)/(-2)*(-48)/18. List the prime factors of (2/(-4))/(1/t).
2, 3
Suppose -u - 27 = -0*u. Let x be u/12*32/(-6). Suppose -f + 2 - x = -2*p, 2*p + 4*f - 10 = 0. List the prime factors of p.
5
Suppose 4*j + 10 - 30 = 0. Suppose j*z + 2*k = 14, z + 5*k - 8 = 2*k. What are the prime factors of z?
2
Let r(c) = c**2 - 3*c - 1. Suppose 3*s + 1 = 5*u - 30, 3*u = -2*s - 8. Let y be (-6)/(-21) - 33/s. List the prime factors of r(y).
3
Let w be (-2)/6 - (-144)/27. Let f(v) = -3*v**3 + v**3 + 3*v - v + w + 5*v**2 + v**3. List the prime factors of f(5).
3, 5
Let r(l) = 3*l**2 + 2*l - 8. List the prime factors of r(-7).
5
Let l(a) = a - 4 + a - a**2 + 6*a. Let s be l(6). What are the prime factors of 46/6 - s/12?
7
Let p(z) = 8*z - 17. Let t be p(-8). List the prime factors of (t/(-3) - 2) + 2.
3
Let h(w) = 15*w - 1. Let y be h(-2). Let s = y - -70. List the prime factors of s.
3, 13
Let z be (-7)/(-3) - (-2)/3. Suppose 0*m + 24 = z*m. Suppose -5*u + m + 12 = 0. What are the prime factors of u?
2
Let d(u) = -u**2 - 7*u - 1. Let s be d(-6). Suppose -2*l + 0 - 20 = s*i, 0 = 2*l + 3*i + 12. What are the prime factors of l + 0 + 2 - -9?
11
Let n(y) = y**3 - 6*y**2 + 9*y - 5. Let r be n(6). Suppose 5*l = -4*m - r, -3*l + 0*m - 25 = -2*m. List the prime factors of l/6*(-2 - 0).
3
Suppose -5*k = -87 - 8. Suppose 2*m - k = -5*u + 2*u, -2*m - 16 = -2*u. What are the prime factors of u?
7
Let r(y) = -y**3 - 3*y**2 + 8*y + 6. Suppose 3 = -5*z - 22. List the prime factors of r(z).
2
Suppose g + 0 = 5. Suppose 0 = -g*b + 4*v - v - 30, 24 = -4*b + 5*v. List the prime factors of 3/b*0 - -10.
2, 5
Suppose 5*r - 188 = -13. Let y = r + -51. List the prime factors of 1 - (2 + y)/2.
2
Let w(k) = -4*k. Let g be w(1). What are the prime factors of (-6)/8 + (-43)/g?
2, 5
Suppose -4 = -b - b. List the prime factors of b/3 + 60/18.
2
Let h(j) = j**2 - 8*j - 19. Let x be h(14). Let d = -24 + x. List the prime factors of d.
41
Let r(n) = -2*n + 4. Let b be r(-9). Let s = b + -10. Suppose q = -q + s. List the prime factors of q.
2, 3
Let s = 214 - 116. What are the prime factors of s?
2, 7
Let m = 27 + 7. List the prime factors of m.
2, 17
Suppose n + 7 = 3*c, -2*c + 3*n - 1 = -8. Suppose -2*k + 137 = -5*b, -c*b + 5*b = -15. Let z = k + -33. List the prime factors of z.
23
Suppose -286 = -4*c - 3*g + g, -c - 2*g = -79. What are the prime factors of c?
3, 23
Let g = -308 - -448. List the prime factors of g.
2, 5, 7
Let q = -8 - -15. Supp